ose 3*f = 8*f + 20. Let g(w) = 2*w - 26. Let y(s) = -s + 13. Let j(a) = f*g(a) - 7*y(a). Is j(7) a composite number?
True
Let d(u) = -5 - 2*u + 0*u - 7. Let g be d(-9). Let p(b) = 14*b - 5. Is p(g) prime?
True
Suppose q + 248 = 3*q. Suppose -2*w = 2*w - q. Is w a composite number?
False
Let v be ((-16)/3)/((-2)/(-18)). Is 0 - (-4 - -1) - v a prime number?
False
Let z(r) = -345*r + 17. Is z(-8) a prime number?
True
Let c(v) = 74*v - 11. Is c(12) a composite number?
False
Let a be (2 - -1)/(-3) + -1. Let t(g) = -20*g**3 + 2*g**2 + 2*g - 1. Is t(a) prime?
True
Let j(u) = -u**2 + 141. Let m be j(0). Let p = m + -74. Is p a prime number?
True
Let m(z) = z**2 + 4*z**2 + 5*z + 3*z**3 - 2*z**3 + 2*z - 1. Let l be m(-6). Let i = 132 + l. Is i prime?
True
Let i(f) be the first derivative of -9*f**2/2 + 4*f - 7. Is i(-9) prime?
False
Let b = 21 + -22. Is -4 - (-253 - (b - -3)) prime?
True
Suppose -b - 188 = 5*u - 1658, -1445 = -5*u + 4*b. Is u a composite number?
False
Suppose -2*k = k - 4*f - 8291, 3*f - 2755 = -k. Is k prime?
False
Let s be (-20)/6*3/(-2). Suppose -s*r + 39 - 14 = 0. Suppose 4*q - 21 = -3*i, -2*q - r*i - 9 = -2. Is q a prime number?
False
Suppose 5*w + 4*g = 2*g + 540, -2*w = 4*g - 232. Is w composite?
True
Suppose -y = 5*r - 10, 3*r + 2*y - 10 = -2*r. Suppose r*x + 0*x - 42 = 0. Is x prime?
False
Let c(i) = -6*i + 2*i + 0 - 1 - 2*i. Let d be c(-5). Let o = d - -2. Is o composite?
False
Suppose 5*x - 158 = -3*s + 6*s, -2*s + 4*x = 104. Let l = 127 + s. Is l a prime number?
True
Suppose -4*f = 143 - 507. Suppose -129 = -4*w + f. Is w a composite number?
True
Suppose 4 = 2*s - 0*s. Let t(b) = -s + 6*b**2 + 2 - 3*b + 3. Is t(2) a composite number?
True
Let k be (-2)/1 - 78/(-2). Suppose -h + k = -5*p - 53, 145 = 2*h - 3*p. Is h composite?
True
Let z = 25 + -22. Suppose -322 = -z*c + 167. Is c a composite number?
False
Suppose 212746 + 43674 = 20*g. Is g a composite number?
False
Let n = -20 + 18. Let f(a) = -26*a**3 + 1. Is f(n) a prime number?
False
Let z(l) = -l**2 - 5*l - 4. Let x be z(-5). Let u be 103 + (-1 - x) + -4. Let d = -13 + u. Is d a composite number?
False
Let y(m) = -26*m**3 + m**2 + 8*m - 4. Is y(-3) a prime number?
True
Let n = 240 - 113. Is n a prime number?
True
Let i = -63 + 405. Suppose -3*f + 4 = -5. Is f/(-6) - i/(-4) prime?
False
Let z = -217 + 96. Let m = z - -180. Is m a prime number?
True
Let w = -3 + 18. Is w/3*(102 - 1) composite?
True
Suppose -p + 11 = 3*c + 3, 0 = p - 2*c + 7. Let s(z) = 1 - 8*z**3 + z - 10*z**3 - 12*z**3 + z**2. Is s(p) composite?
False
Let x be (-249)/(-15) - (-2)/5. Suppose 10 - 134 = -4*w. Let h = w - x. Is h a prime number?
False
Suppose 2*s - 3*b = -2*b + 600, 290 = s + 2*b. Is s a composite number?
True
Let s(m) = -85*m + 2. Is s(-5) prime?
False
Let w(v) be the first derivative of 2*v**3/3 - 9*v + 2. Let z be w(8). Suppose z = 5*d - 296. Is d a prime number?
True
Let a(u) = -6*u**3 + u**2 + 2*u - 1. Is a(-4) composite?
True
Is 4/(-6) - (-8305)/15 prime?
False
Let s = 139 - 77. Suppose 2*g + 164 = 6*g. Let u = s - g. Is u a composite number?
True
Suppose 0 = -o + 4*q + 1139, 0*o + 5*q - 2291 = -2*o. Suppose -185 = 2*r - o. Is r a composite number?
False
Suppose o - 3*o + 3922 = 0. Is o a prime number?
False
Let d be -3 + 6 + 0 + -1. Suppose 0 = u - 4, -5*r + d*u + 121 = 6*u. Is r composite?
True
Let h be (0 - 466/4)*2. Let i = 463 + h. Suppose 2*y + g - i = 0, 0*y - y = -5*g - 115. Is y composite?
True
Let p(d) = d + 15. Let y be p(-7). Suppose 0*j - y = -2*j. Suppose 0 = s + j*s - 415. Is s composite?
False
Let u(x) = 2*x**2 - 3*x - 11. Is u(8) a prime number?
False
Let t = 660 - 269. Is t composite?
True
Suppose -2*z + 4*u = -u - 29, -z - 3 = u. Let v(r) = 11*r - 3*r - 2*r**2 - 1 - 2*r - 4*r + 8*r**3. Is v(z) a composite number?
False
Let h be 3/(3 + (-9)/4). Let r be 1*-1*0/1. Suppose h*n + r*n = 340. Is n composite?
True
Let x = 2 + 0. Suppose -4*u = -x*q - 272, -3*q + 3*u - 420 = -0*u. Is (-1)/(3/q) + -1 prime?
True
Let l(c) = 7*c**3 + 7*c**2 + c + 12. Let j(p) = 15*p**3 + 14*p**2 + p + 25. Let u(x) = -6*j(x) + 13*l(x). Is u(-5) prime?
False
Is -6 - -2 - (1 + -259) composite?
True
Let s = 1204 - 495. Is s prime?
True
Suppose -r - 2599 = -3*x, 957 = 5*x + 5*r - 3348. Is x a prime number?
False
Let n(d) = -d. Let l be n(-5). Suppose 9*b - l*w - 750 = 4*b, -3*b + 448 = -w. Is b a composite number?
False
Let f be (1 - 1) + 3/3. Let k be (2/2)/(f/4). Suppose 22 + 3 = r + 2*z, 3*z - 115 = -k*r. Is r prime?
True
Let m(i) = -i + 8. Let g be m(8). Suppose -2*o + 3*j + 410 = g, 5*o - j + 280 - 1305 = 0. Is o composite?
True
Let q(m) = -m**3 - 3*m - 5. Is q(-7) composite?
False
Suppose 4*o + 75 - 904 = 5*a, 5*o - 1040 = 5*a. Is o a composite number?
False
Let v be (-4)/(-12) + (-82)/(-6). Is (-2)/4 - (-1309)/v a prime number?
False
Let p = -2431 + 1647. Let f = -537 - p. Is f/3 - (-4)/6 a prime number?
True
Suppose -3*p + 2 = -0*p + 2*w, 5*p - 25 = w. Suppose 0 = -4*j - p*l + 168, 0*j - 62 = -j + 3*l. Is j prime?
True
Suppose 0*l - 203 = -l - 5*c, -5*l + 910 = 4*c. Is l a composite number?
True
Let n(i) = 10*i**3 - 4*i**2 - 9*i + 5. Is n(4) composite?
True
Let z = -5 + -2. Let c(v) = v + 9. Let j be c(z). Suppose 0 = -b - j*q + 32, 0 = -4*q + 9 + 11. Is b a composite number?
True
Suppose s - 497 = -3*k + 5*s, -3*k + 5*s = -499. Is k composite?
False
Is ((-3 - -1) + 2)/2 - -7063 a composite number?
True
Let j(d) = -d**3 + 5*d**2 + 1781. Is j(0) a composite number?
True
Let u(a) = a. Let n be u(3). Suppose l - 124 = -n*l + 4*p, 4*l = -2*p + 142. Is l prime?
False
Let t = 268 - 185. Is t a prime number?
True
Let a(y) = -y**2 - 15*y + 12. Let h be a(-16). Is 2/4 - 354/h a composite number?
False
Suppose 0*n + 169 = -n. Let l = 248 + n. Is l composite?
False
Suppose -3*d - 78 = -3*y, 3*y = y - 2*d + 44. Let c be y*(1 + (-2 - -7)). Is 2/(-7) + c/14 prime?
False
Suppose 215 = 3*d + 2*c, 2*d + 5*c - 83 - 64 = 0. Is d prime?
True
Suppose 0 = -4*s - 5*t + 144, 3*t - 71 - 73 = -4*s. Let k = s - 1. Is k a composite number?
True
Suppose 4*u + 0*u - 8 = 0. Suppose -66 = -u*s - s. Is s prime?
False
Let l(s) = -825*s**3 + s**2 + s - 3. Is l(-2) prime?
True
Suppose 0*u + 221 = u. Is u a composite number?
True
Suppose 3*i - 105 = 5*s + 60, 2*s + 2*i + 82 = 0. Let a = 85 + s. Is a a prime number?
False
Suppose t - 4*n - 6 = 0, 2*n = -t - 0 - 6. Let i = t + 7. Suppose 4*b + 4*q - 32 = 2*b, -i*b + 3*q = -67. Is b prime?
False
Let y(w) = w**2 - 4*w - 16. Is y(15) a composite number?
False
Let x be 107 - (0 - 2)/2. Let p = -102 - -29. Let v = x + p. Is v a composite number?
True
Let r(q) be the second derivative of q**4/12 + q**3/6 - 3*q**2/2 - 7*q. Let b be (-2)/(1 - 0) + -5. Is r(b) prime?
False
Let v(l) = -l**3 - 3*l**2 + 4*l + 4. Let j be v(-4). Suppose -17 = -j*k + 5*r + 354, 4*r - 255 = -3*k. Is k composite?
False
Let u be (-4 + 4)*(2 - 1). Let p(l) = -l - l**3 + u*l + 2*l**3 + 67. Is p(0) composite?
False
Let y(h) = h**3 + 10*h**2 - h + 7. Suppose -5*q - 20 = 15. Is y(q) a composite number?
True
Let i(b) = 21*b**2 - 4*b + 2. Let p be (-16)/12*(-6)/4. Let c be i(p). Suppose t - 2*l = -3*t + 202, t - c = -5*l. Is t prime?
True
Suppose -2*b = b - 6. Let v(f) = -10 - 3*f - f**3 + 5*f - 6*f**b + 8*f. Is v(-8) prime?
False
Let o(u) = 2*u**2 - 20*u + 13. Is o(17) a composite number?
False
Suppose 0 = -2*a + 3*o + 410, 2*o + o = -3*a + 600. Is a prime?
False
Is ((-12)/8)/(-3)*4358 prime?
True
Let p(h) = -h + 3. Let n be p(0). Suppose 2*w + 15 = n*w. Is w a composite number?
True
Let d be (3/4)/(1/(-4)). Let a be ((-2)/4)/(d/(-12)). Is 9/a*(-2)/3 composite?
False
Let o(m) be the second derivative of m**4/12 - 5*m**3/6 - 9*m**2/2 + 3*m. Let k be o(7). Suppose -2*g = 2*n - 104, k*g - 235 = g + 5*n. Is g composite?
True
Suppose -2*u - 3*s + 7 = -12, 4*u + 4*s = 32. Suppose -t + 3*t + 4*i - 4 = 0, -u*i - 4 = -2*t. Suppose 26 - 432 = -t*n. Is n composite?
True
Let h(r) = 7*r - 11. Let d be h(8). Suppose 6*y - d = 3*y. Is y a composite number?
True
Let d(f) = 2*f - 3. Let b be d(6). Suppose b - 64 = -5*p. Is 915/p + (-2)/11 a composite number?
False
Let u(y) = 10*y**3 + 2*y**2 + y - 1. Is u(2) a composite number?
False
Suppose -149 = -2*b - 3*n, 0*n = 3*n + 9. Is b a composite number?
False
Suppose o + 121 = 906. Is